{"id":2657,"date":"2022-04-07T16:00:14","date_gmt":"2022-04-07T14:00:14","guid":{"rendered":"https:\/\/mx-activites.com\/?page_id=2657"},"modified":"2024-09-30T16:14:23","modified_gmt":"2024-09-30T14:14:23","slug":"stages","status":"publish","type":"page","link":"https:\/\/mx-activites.com\/index.php\/stages\/","title":{"rendered":"Stages"},"content":{"rendered":"<div class=\"brz-root__container brz-reset-all\">\n<section data-uid=\"pueedgrlfbcksiydwrvbneevavvrucnezlxx\" id=\"pueedgrlfbcksiydwrvbneevavvrucnezlxx\" class=\"brz-section brz-css-agqsa\">\n<div class=\"brz-section__content brz-section--fullWidth brz-css-dykte brz-css-lvxjh\" data-custom-id=\"mtngyprlmrujkhekbffoibqtmzmabkesvlce\">\n<div class=\"brz-bg\">\n<div class=\"brz-bg-image\"><\/div>\n<div class=\"brz-bg-color\"><\/div>\n<div class=\"brz-bg-shape brz-bg-shape__bottom\"><\/div>\n<\/div>\n<div class=\"brz-container brz-css-igjhg brz-css-rjxzl\">\n<div class=\"brz-row__container brz-css-wsnpk\" data-custom-id=\"gfxkwxpcrfkgrxoercjpdsisogcunfgnzfho\">\n<div class=\"brz-row brz-css-vwjcq brz-css-lyrhe\">\n<div class=\"brz-columns brz-css-mvkyh brz-css-ibtja\" data-custom-id=\"fnrwkwsjejrtuhaaholbhubllhbzlardgncj\">\n<div class=\"brz-column__items brz-css-ekbjt brz-css-uapga\">\n<div class=\"brz-row__container brz-css-wsnpk\" data-custom-id=\"eedtbejwbjmqwlxrlcxjndfzpbgbfodfzecu\">\n<div class=\"brz-row brz-row--inner brz-css-vwjcq brz-css-lyrhe\">\n<div class=\"brz-columns brz-css-mvkyh brz-css-knqbn\" data-custom-id=\"fsphgeoeccgvguorbhmhszsuotyjndmjvhnr\">\n<div class=\"brz-column__items brz-css-ekbjt\">\n<div class=\"brz-css-ivufp brz-css-ertgi brz-wrapper\">\n<div class=\"brz-image brz-css-vjxbo\"><a class=\"brz-a\" href=\"https:\/\/mx-activites.com\/\" data-brz-link-type=\"external\" id data-custom-id=\"ezdoyylxlxkwpnhntzahfehduzxxiohwbvbs\"><img decoding=\"async\" class=\"brz-img\" src=\"https:\/\/mx-activites.com\/wp-content\/uploads\/2022\/05\/Sans_titre__1_-removebg-preview.png\" alt=\"MX-Activites\" loading=\"lazy\" \/><\/a><\/div>\n<\/div>\n<\/div>\n<\/div>\n<div class=\"brz-columns brz-css-mvkyh brz-css-awlts\" data-custom-id=\"zkikjvrcdugzfrflzizhgjsdedungxgcgxio\">\n<div class=\"brz-column__items brz-css-ekbjt\">\n<div class=\"brz-css-ivufp brz-css-kyjzi brz-wrapper\">\n<div class=\"brz-menu-simple brz-css-iakzl brz-css-duwor\">\n<div class=\"brz-menu-simple__toggle brz-menu-simple__toggle--tablet brz-menu-simple__toggle--mobile\"><label class=\"brz-menu-simple__icon\" for=\"brz-menu-simple__btn-bhuny\"><span class=\"brz-menu-simple__icon--bars\"><\/span><\/label><\/p>\n<div style=\"min-height:20px\">\n<div class=\"menu-menu-principal-container\">\n<ul id=\"menu-menu-principal\" class=\"menu\">\n<li id=\"menu-item-2112\" class=\"menu-item menu-item-type-post_type menu-item-object-page menu-item-home menu-item-2112\"><a href=\"https:\/\/mx-activites.com\/\">Accueil<\/a><\/li>\n<li id=\"menu-item-2106\" class=\"menu-item menu-item-type-post_type menu-item-object-page menu-item-2106\"><a href=\"https:\/\/mx-activites.com\/index.php\/a-propos\/\">\u00c0 propos<\/a><\/li>\n<li id=\"menu-item-199\" class=\"menu-item menu-item-type-post_type menu-item-object-page menu-item-199\"><a href=\"https:\/\/mx-activites.com\/index.php\/activites\/\">Activit\u00e9s<\/a><\/li>\n<li id=\"menu-item-2658\" class=\"menu-item menu-item-type-post_type menu-item-object-page current-menu-item page_item page-item-2657 current_page_item menu-item-2658\"><a href=\"https:\/\/mx-activites.com\/index.php\/stages\/\" aria-current=\"page\">Stages<\/a><\/li>\n<li id=\"menu-item-2709\" class=\"menu-item menu-item-type-post_type menu-item-object-page menu-item-2709\"><a href=\"https:\/\/mx-activites.com\/index.php\/groupes-et-c-e\/\">Groupes et C.E.<\/a><\/li>\n<li id=\"menu-item-213\" class=\"menu-item menu-item-type-post_type menu-item-object-page menu-item-213\"><a href=\"https:\/\/mx-activites.com\/index.php\/tarifs-et-horaires\/\">Tarifs et horaires<\/a><\/li>\n<li id=\"menu-item-264\" class=\"menu-item menu-item-type-post_type menu-item-object-page menu-item-264\"><a href=\"https:\/\/mx-activites.com\/index.php\/contact\/\">Contact<\/a><\/li>\n<\/ul>\n<\/div>\n<\/div>\n<\/div>\n<\/div>\n<\/div>\n<\/div>\n<\/div>\n<\/div>\n<\/div>\n<\/div>\n<\/div>\n<\/div>\n<\/div>\n<div class=\"brz-css-ivufp brz-wrapper\">\n<div class=\"brz-rich-text brz-css-fhtay\" data-custom-id=\"htnxrxnplwgxkinxkhkpyjgiscdabeuqipru\">\n<div>\n<p class=\"brz-css-tzvxk\"><strong>MX ACTIVIT\u00c9S<\/strong><\/p>\n<p class=\"brz-css-kyfiz\"><strong>Stages<\/strong><\/p>\n<\/div>\n<\/div>\n<\/div>\n<\/div>\n<\/div>\n<\/section>\n<section data-uid=\"ksurzcnvcrfwpzzhzndkgtlcndchznjafjnp\" id=\"ksurzcnvcrfwpzzhzndkgtlcndchznjafjnp\" class=\"brz-section brz-css-agqsa\">\n<div class=\"brz-section__content brz-section--boxed brz-css-dykte brz-css-rllni\" data-custom-id=\"mkqdbctrdznsizzowouysqqbwuiefhtlvbzc\">\n<div class=\"brz-bg\">\n<div class=\"brz-bg-image\"><\/div>\n<div class=\"brz-bg-color\"><\/div>\n<div class=\"brz-bg-shape brz-bg-shape__top\"><\/div>\n<div class=\"brz-bg-shape brz-bg-shape__bottom\"><\/div>\n<\/div>\n<div class=\"brz-container brz-css-igjhg\">\n<div class=\"brz-row__container brz-css-wsnpk\" data-custom-id=\"slficwuxdhvrfowonkbzkmkyhynnfpdjtaor\">\n<div class=\"brz-row brz-css-vwjcq brz-css-lyrhe\">\n<div class=\"brz-columns brz-css-mvkyh brz-css-lbttm\" data-custom-id=\"kjohewgahimabwjdykdhvdzdmxtypnpzrokj\">\n<div class=\"brz-bg\">\n<div class=\"brz-bg-color\"><\/div>\n<\/div>\n<div class=\"brz-column__items brz-css-ekbjt brz-css-xwrbx\">\n<div class=\"brz-css-ivufp brz-wrapper\">\n<div class=\"brz-rich-text brz-css-fhtay\" data-custom-id=\"uopkqbpddphpedgfvnzbungqdfmacdmeqvwn\">\n<div>\n<p class=\"brz-css-mkgxr\"><strong class=\"brz-capitalize-on\"><u>Journ\u00e9e initiation<\/u><\/strong><\/p>\n<\/div>\n<\/div>\n<\/div>\n<div class=\"brz-css-ivufp brz-wrapper\">\n<div class=\"brz-rich-text brz-css-fhtay\" data-custom-id=\"betqczqcfuxqholvshyxkwmhunrgodcjmuwh\">\n<div>\n<p class=\"brz-css-cogou\"><span>Cette activit\u00e9 permet aux enfants de d\u00e9couvrir la pratique de la moto<\/span><\/p>\n<\/div>\n<\/div>\n<\/div>\n<div class=\"brz-css-ivufp brz-wrapper\">\n<div class=\"brz-rich-text brz-css-fhtay\" data-custom-id=\"xqccrnwdvvhndbvjkozqmkxjvofrfuvosspm\">\n<div>\n<p class=\"brz-css-auiqp\"><span>Ces s\u00e9jours sont d\u00e9di\u00e9s \u00e0 l&rsquo;apprentissage du pilotage d&rsquo;une moto de cross. Ils permettent d&rsquo;appr\u00e9hender la conduite d&rsquo;un engin motoris\u00e9 et favorisent l&rsquo;adaptation pour une conduite sur route.<\/span><\/p>\n<\/div>\n<\/div>\n<\/div>\n<div class=\"brz-css-ivufp brz-wrapper\">\n<div class=\"brz-rich-text brz-css-fhtay\" data-custom-id=\"oxpsdkmghwbmstejhjwlnwtaqdigqrnniaad\">\n<div>\n<p class=\"brz-css-virrr\"><span>Dur\u00e9e : de 1 \u00e0 5 jours (possibilit\u00e9 d&rsquo;h\u00e9bergement)<\/span><\/p>\n<\/div>\n<\/div>\n<\/div>\n<div class=\"brz-css-ivufp brz-wrapper\">\n<div class=\"brz-rich-text brz-css-fhtay\" data-custom-id=\"xopqwpcnnqhexasnxbfduxbpkucvlfwzcwgo\">\n<div>\n<p class=\"brz-css-hmvzb\"><span>P\u00e9riode : vacances scolaires<\/span><\/p>\n<\/div>\n<\/div>\n<\/div>\n<\/div>\n<\/div>\n<div class=\"brz-columns brz-css-mvkyh brz-css-oqdcc\" data-custom-id=\"swpupniqlhzfkzshohggpbotptelvpqpfctg\">\n<div class=\"brz-bg\">\n<div class=\"brz-bg-color\"><\/div>\n<\/div>\n<div class=\"brz-column__items brz-css-ekbjt brz-css-rmcgx\">\n<div class=\"brz-css-ivufp brz-wrapper\">\n<div class=\"brz-image brz-css-ecjtt\"><img decoding=\"async\" class=\"brz-img\" src=\"https:\/\/mx-activites.com\/wp-content\/uploads\/brizy\/imgs\/initiation-2-1-scaled-620x413x34x0x551x413x1643198951.jpg\" alt=\"\" loading=\"lazy\" \/><\/div>\n<\/div>\n<div class=\"brz-css-ivufp brz-wrapper\">\n<div class=\"brz-line brz-css-isymq brz-css-hpxym\" data-custom-id=\"bdwpvyjlwycawerggzeruzjrvzehtemuzzvu\">\n<hr class=\"brz-hr\" \/><\/div>\n<\/div>\n<\/div>\n<\/div>\n<\/div>\n<\/div>\n<div class=\"brz-row__container brz-css-wsnpk\" data-custom-id=\"duqwiirepiyyqiafnflotuxfxdxdkzsytxzx\">\n<div class=\"brz-row brz-css-vwjcq brz-css-lyrhe\">\n<div class=\"brz-columns brz-css-mvkyh brz-css-jzyqm\" data-custom-id=\"vsognacevqahjyszipyflttzoumcltzfhhuo\">\n<div class=\"brz-bg\">\n<div class=\"brz-bg-color\"><\/div>\n<\/div>\n<div class=\"brz-column__items brz-css-ekbjt brz-css-fzaoe\">\n<div class=\"brz-css-ivufp brz-wrapper\">\n<div class=\"brz-line brz-css-isymq brz-css-wezpq\" data-custom-id=\"qttnzehledxncjmvrheyiuisflxqcmuvdmmz\">\n<hr class=\"brz-hr\" \/><\/div>\n<\/div>\n<div class=\"brz-css-ivufp brz-wrapper\">\n<div class=\"brz-image brz-css-eaqdr\"><img decoding=\"async\" class=\"brz-img\" src=\"https:\/\/mx-activites.com\/wp-content\/uploads\/brizy\/imgs\/70-619x413x34x0x551x413x1643198461.jpg\" alt=\"\" loading=\"lazy\" \/><\/div>\n<\/div>\n<\/div>\n<\/div>\n<div class=\"brz-columns brz-css-mvkyh brz-css-upzof\" data-custom-id=\"qkkzweulnwflwabxkovwhnemqssufwvtbipo\">\n<div class=\"brz-bg\">\n<div class=\"brz-bg-color\"><\/div>\n<\/div>\n<div class=\"brz-column__items brz-css-ekbjt brz-css-itacp\">\n<div class=\"brz-css-ivufp brz-wrapper\">\n<div class=\"brz-rich-text brz-css-fhtay\" data-custom-id=\"iqkqxsihjbiaiahdzlnjdlbdjvywmijmhhrb\">\n<div>\n<p class=\"brz-css-jvmeh\"><strong><u>STAGE CROSS<\/u><\/strong><\/p>\n<\/div>\n<\/div>\n<\/div>\n<div class=\"brz-css-ivufp brz-wrapper\">\n<div class=\"brz-rich-text brz-css-fhtay\" data-custom-id=\"qujzohtcwzicutwphnvapfsfbynuolobllmy\">\n<div>\n<p class=\"brz-css-asjcs\"><span>Pour les pilotes licenci\u00e9s FFM, ces stages sont fait pour progresser techniquement avec diff\u00e9rents ateliers p\u00e9dagogiques organis\u00e9s pendant la journ\u00e9e : virages, sauts, trajectoires, r\u00e9glage de la moto&#8230;<\/span><\/p>\n<\/div>\n<\/div>\n<\/div>\n<div class=\"brz-css-ivufp brz-wrapper\">\n<div class=\"brz-rich-text brz-css-fhtay\" data-custom-id=\"qvdavjznysxzestnoxaalslqcnhdypxhxkmg\">\n<div>\n<p class=\"brz-css-caxsc\"><span>Venez vous faire plaisir et am\u00e9liorer votre pilotage sur un circuit adapt\u00e9.<\/span><\/p>\n<\/div>\n<\/div>\n<\/div>\n<div class=\"brz-css-ivufp brz-wrapper\">\n<div class=\"brz-rich-text brz-css-fhtay\" data-custom-id=\"dgsnrfyylkxwhnparwdifgfcbiaxxcvhetsm\">\n<div>\n<p class=\"brz-css-vkgfx\"><span>Dur\u00e9e : de 1 \u00e0 4 jours (possibilit\u00e9 d&rsquo;h\u00e9bergement)<\/span><\/p>\n<\/div>\n<\/div>\n<\/div>\n<div class=\"brz-css-ivufp brz-wrapper\">\n<div class=\"brz-rich-text brz-css-fhtay\" data-custom-id=\"xixxyliowjkkvlaobeqcoxcsmacykbflqplh\">\n<div>\n<p class=\"brz-css-yzprb\"><span>P\u00e9riode : toute l&rsquo;ann\u00e9e sauf juillet\/ao\u00fbt<\/span><\/p>\n<\/div>\n<\/div>\n<\/div>\n<\/div>\n<\/div>\n<\/div>\n<\/div>\n<div class=\"brz-row__container brz-css-wsnpk\" data-custom-id=\"ppzypgaobqengwrhqicakjkrjmzcuvszdrwo\">\n<div class=\"brz-row brz-css-vwjcq brz-css-lyrhe\">\n<div class=\"brz-columns brz-css-mvkyh brz-css-pgmmt\" data-custom-id=\"pmxledwaqahcdjwzwfxluobhhhydzvgzbnnp\">\n<div class=\"brz-bg\">\n<div class=\"brz-bg-color\"><\/div>\n<\/div>\n<div class=\"brz-column__items brz-css-ekbjt brz-css-xhopq\">\n<div class=\"brz-css-ivufp brz-wrapper\">\n<div class=\"brz-rich-text brz-css-fhtay\" data-custom-id=\"msbslgtmhoagfpdklhtwhozntjozsjogkrwn\">\n<div>\n<p class=\"brz-css-cjcim\"><span>En compl\u00e9ment, pour <\/span><strong>pr\u00e9parer la prochaine saison de comp\u00e9tition<\/strong><span>, nous organisons des <\/span><strong>stages hivernaux sur diff\u00e9rents circuits<\/strong><span> comprenant : <\/span><strong>s\u00e9ances techniques, chrono et manches.<\/strong><\/p>\n<p class=\"brz-css-fxpsa\"><strong>Dur\u00e9e<\/strong><span> : une journ\u00e9e (le dimanche)<\/span><\/p>\n<p class=\"brz-css-camit\"><strong>P\u00e9riode<\/strong><span> : d&rsquo;octobre \u00e0 mars<\/span><\/p>\n<p class=\"brz-css-ujesa\"><span> <\/span><\/p>\n<p class=\"brz-css-eeboi\"><span>Pour toutes informations compl\u00e9mentaires contactez-nous. <\/span><\/p>\n<\/div>\n<\/div>\n<\/div>\n<\/div>\n<\/div>\n<\/div>\n<\/div>\n<\/div>\n<\/div>\n<\/section>\n<section data-uid=\"scypswzxglequttnbnssycyymoupzqkdoodk\" id=\"scypswzxglequttnbnssycyymoupzqkdoodk\" class=\"brz-section brz-css-agqsa\">\n<div class=\"brz-section__content brz-section--boxed brz-css-dykte brz-css-sbepm\" data-custom-id=\"khboguchlhlpgbuyrlmizjnsreswudysngpg\">\n<div class=\"brz-bg\">\n<div class=\"brz-bg-color\"><\/div>\n<div class=\"brz-bg-shape brz-bg-shape__bottom\"><\/div>\n<\/div>\n<div class=\"brz-container brz-css-igjhg\">\n<div class=\"brz-row__container brz-css-wsnpk\" data-custom-id=\"ulqqyfisyqgzptnjqywvlwbmrnqnwnsintyt\">\n<div class=\"brz-row brz-css-vwjcq brz-css-lyrhe\">\n<div class=\"brz-columns brz-css-mvkyh brz-css-wwhnf\" data-custom-id=\"illygfuehsttcdllqrpugmtrpjttndhdzuzt\">\n<div class=\"brz-column__items brz-css-ekbjt\">\n<div class=\"brz-css-ivufp brz-wrapper\">\n<div class=\"brz-image brz-css-khvum\"><img decoding=\"async\" class=\"brz-img\" src=\"https:\/\/mx-activites.com\/wp-content\/uploads\/brizy\/imgs\/Nos-partenaires--360x360x0x16x360x327x1643377033.png\" alt=\"\" loading=\"lazy\" \/><\/div>\n<\/div>\n<\/div>\n<\/div>\n<div class=\"brz-columns brz-css-mvkyh brz-css-zmhoh\" data-custom-id=\"yewuepyvstuzzioxwzncazpgvvyyppvavvbb\">\n<div class=\"brz-column__items brz-css-ekbjt\">\n<div class=\"brz-css-ivufp brz-wrapper\">\n<div class=\"brz-rich-text brz-css-fhtay\" data-custom-id=\"vqtieixfwmppoeokbwsyvkuqmmsvfzrwenej\">\n<div>\n<p class=\"brz-css-ahiye\"><strong class=\"brz-capitalize-on\">Contact<\/strong><\/p>\n<\/div>\n<\/div>\n<\/div>\n<div class=\"brz-css-ivufp brz-wrapper\">\n<div class=\"brz-rich-text brz-css-fhtay\" data-custom-id=\"okxpvcaelsebwxdqaehehxhavuqhilmvvlpc\">\n<div>\n<p class=\"brz-css-nedat\"><span class=\"brz-cp-color8\">3 Route de Beaumont<\/span><\/p>\n<p class=\"brz-css-ohbqp\"><span class=\"brz-cp-color8\">58700 Sichamps <\/span><\/p>\n<\/div>\n<\/div>\n<\/div>\n<div class=\"brz-css-ivufp brz-wrapper\">\n<div class=\"brz-rich-text brz-css-fhtay\" data-custom-id=\"hoxdaxtnxhugfhikphapsugfpclweagswlfs\">\n<div>\n<p class=\"brz-css-ouuwp\"><span class=\"brz-cp-color8\">T\u00e9l\u00e9phone : 06 88 15 27 99<\/span><\/p>\n<p class=\"brz-css-xpjap\"><span class=\"brz-cp-color8\">Email : mxactivites@yahoo.fr <\/span><\/p>\n<\/div>\n<\/div>\n<\/div>\n<\/div>\n<\/div>\n<div class=\"brz-columns brz-css-mvkyh brz-css-qutsj\" data-custom-id=\"gpponljmhuonemwhjrsrakwglqmsgggbqhfn\">\n<div class=\"brz-column__items brz-css-ekbjt\">\n<div class=\"brz-css-ivufp brz-wrapper\">\n<div class=\"brz-rich-text brz-css-fhtay\" data-custom-id=\"wvxeipdrjjcvwjewwetcpjslhgkeopdpghxg\">\n<div>\n<p class=\"brz-css-ccjcx\"><strong class=\"brz-capitalize-on\">SOCIAL<\/strong><\/p>\n<\/div>\n<\/div>\n<\/div>\n<div class=\"brz-css-ivufp brz-wrapper\">\n<div class=\"brz-icon-text brz-css-gohvg\" data-custom-id=\"fcxhloinxrpjranhnskebepnplnwfrrxlidk\">\n<div id class=\"brz-icon__container\" data-custom-id=\"dzajpbsuiahnkqypzcvkaxvosvvuybitcdrh\"><a class=\"brz-a\" href=\"https:\/\/www.facebook.com\/mxactivites2016\/?ref=page_internal\" target=\"_blank\" rel=\"noopener\" data-brz-link-type=\"external\" id><span class=\"brz-span brz-icon css-pkkw58\"><\/span><\/a><\/div>\n<div class=\"brz-text-btn\">\n<div class=\"brz-rich-text brz-css-fhtay\" data-custom-id=\"gscdqizjiwxelgkzyjiatmclgwsokglmglhy\">\n<div>\n<p class=\"brz-css-yeocw\"><a href=\"https:\/\/www.facebook.com\/mxactivites2016\/?ref=page_internal\" target=\"_blank\" class=\"brz-cp-color8 link--external\" data-brz-link-type=\"external\" rel=\"noopener\">Facebook<\/a><\/p>\n<\/div>\n<\/div>\n<\/div>\n<\/div>\n<\/div>\n<div class=\"brz-css-ivufp brz-wrapper\">\n<div class=\"brz-icon-text brz-css-gohvg\" data-custom-id=\"ywhnujcosucyyjkxvmycoswluebeqzlwvsxq\">\n<div id class=\"brz-icon__container\" data-custom-id=\"vkgkibevxkeuzksfsoqylidocxqmppftsdag\"><a class=\"brz-a\" href=\"https:\/\/www.instagram.com\/mxactivites\/?hl=fr\" target=\"_blank\" rel=\"noopener\" data-brz-link-type=\"external\" id><span class=\"brz-span brz-icon css-pkkw58\"><\/span><\/a><\/div>\n<div class=\"brz-text-btn\">\n<div class=\"brz-rich-text brz-css-fhtay\" data-custom-id=\"nnxjhtzstpzdvkzryuolheaggnroqgjixuqm\">\n<div>\n<p class=\"brz-css-bgrfy\"><a href=\"https:\/\/www.instagram.com\/mxactivites\/?hl=fr\" target=\"_blank\" class=\"link--external brz-cp-color8\" data-brz-link-type=\"external\" rel=\"noopener\">Instagram<\/a><\/p>\n<\/div>\n<\/div>\n<\/div>\n<\/div>\n<\/div>\n<\/div>\n<\/div>\n<\/div>\n<\/div>\n<div class=\"brz-row__container brz-css-wsnpk\" data-custom-id=\"qpkslwvqowtzrpywvtzzebqgffxrdqdnijwb\">\n<div class=\"brz-row brz-css-vwjcq brz-css-lyrhe\">\n<div class=\"brz-columns brz-css-mvkyh brz-css-uuzea\" data-custom-id=\"docspejymsufjwcghdmdneiggpfavlpjbhsp\">\n<div class=\"brz-column__items brz-css-ekbjt\">\n<div data-iteration-count=\"1\" class=\"brz-css-ivufp brz-wrapper brz-animated brz-css-wkxhu brz-css-iphpg\">\n<div class=\"brz-rich-text brz-css-fhtay\" data-custom-id=\"njcjolavupayeohtckputnlhqqkrbyochomw\">\n<div>\n<p class=\"brz-css-dntmr\"><a href=\"https:\/\/mx-activites.com\/index.php\/politique-de-confidentialite\/\" target=\"_blank\" class=\"brz-cp-color8 link--external\" data-brz-link-type=\"external\" rel=\"noopener\"><strong>Politique de confidentialit\u00e9<\/strong><\/a><\/p>\n<\/div>\n<\/div>\n<\/div>\n<div data-iteration-count=\"1\" class=\"brz-css-ivufp brz-wrapper brz-animated brz-css-wkxhu brz-css-lcrbt\">\n<div class=\"brz-rich-text brz-css-fhtay\" data-custom-id=\"tnacwcqsmrcvrnptvtpjwuuoqafrxwyayesl\">\n<div>\n<p class=\"brz-css-einkt\"><span>\u00a0<\/span><span class=\"brz-cp-color8\">\u00a9<\/span><span> <\/span><span class=\"brz-cp-color8\">COPYRIGHT 2022, ALL RIGHTS RESERVED<\/span><\/p>\n<p class=\"brz-css-svdlu\"><span class=\"brz-cp-color8\">Site r\u00e9alis\u00e9 par MXR Communication <\/span><\/p>\n<\/div>\n<\/div>\n<\/div>\n<\/div>\n<\/div>\n<\/div>\n<\/div>\n<\/div>\n<\/div>\n<\/section>\n<\/div>\n<p><!-- version:1727705663 --><\/p>\n","protected":false},"excerpt":{"rendered":"<p>Accueil \u00c0 propos Activit\u00e9s Stages Groupes et C.E. Tarifs et horaires Contact MX ACTIVIT\u00c9S Stages Journ\u00e9e initiation Cette activit\u00e9 permet aux enfants de d\u00e9couvrir la pratique de la moto Ces s\u00e9jours sont d\u00e9di\u00e9s \u00e0 l&rsquo;apprentissage du pilotage d&rsquo;une moto de cross. Ils permettent d&rsquo;appr\u00e9hender la conduite d&rsquo;un engin motoris\u00e9 et favorisent l&rsquo;adaptation pour une conduite&hellip;&nbsp;<a href=\"https:\/\/mx-activites.com\/index.php\/stages\/\" class=\"\" rel=\"bookmark\">Lire la suite &raquo;<span class=\"screen-reader-text\">Stages<\/span><\/a><\/p>\n","protected":false},"author":1,"featured_media":0,"parent":0,"menu_order":0,"comment_status":"closed","ping_status":"closed","template":"brizy-blank-template.php","meta":{"neve_meta_sidebar":"","neve_meta_container":"","neve_meta_enable_content_width":"","neve_meta_content_width":0,"neve_meta_title_alignment":"","neve_meta_author_avatar":"","neve_post_elements_order":"","neve_meta_disable_header":"","neve_meta_disable_footer":"","neve_meta_disable_title":"","footnotes":""},"class_list":["post-2657","page","type-page","status-publish","hentry"],"yoast_head":"<!-- This site is optimized with the Yoast SEO plugin v18.1 - https:\/\/yoast.com\/wordpress\/plugins\/seo\/ -->\n<title>Stages - MX Activit\u00e9s<\/title>\n<meta name=\"robots\" content=\"index, follow, max-snippet:-1, max-image-preview:large, max-video-preview:-1\" \/>\n<link rel=\"canonical\" href=\"https:\/\/mx-activites.com\/index.php\/stages\/\" \/>\n<meta property=\"og:locale\" content=\"fr_FR\" \/>\n<meta property=\"og:type\" content=\"article\" \/>\n<meta property=\"og:title\" content=\"Stages - MX Activit\u00e9s\" \/>\n<meta property=\"og:description\" content=\"Accueil \u00c0 propos Activit\u00e9s Stages Groupes et C.E. Tarifs et horaires Contact MX ACTIVIT\u00c9S Stages Journ\u00e9e initiation Cette activit\u00e9 permet aux enfants de d\u00e9couvrir la pratique de la moto Ces s\u00e9jours sont d\u00e9di\u00e9s \u00e0 l&rsquo;apprentissage du pilotage d&rsquo;une moto de cross. Ils permettent d&rsquo;appr\u00e9hender la conduite d&rsquo;un engin motoris\u00e9 et favorisent l&rsquo;adaptation pour une conduite&hellip;&nbsp;Lire la suite &raquo;Stages\" \/>\n<meta property=\"og:url\" content=\"https:\/\/mx-activites.com\/index.php\/stages\/\" \/>\n<meta property=\"og:site_name\" content=\"MX Activit\u00e9s\" \/>\n<meta property=\"article:modified_time\" content=\"2024-09-30T14:14:23+00:00\" \/>\n<meta property=\"og:image\" content=\"https:\/\/mx-activites.com\/wp-content\/uploads\/2022\/05\/Sans_titre__1_-removebg-preview.png\" \/>\n<meta name=\"twitter:card\" content=\"summary_large_image\" \/>\n<script type=\"application\/ld+json\" class=\"yoast-schema-graph\">{\"@context\":\"https:\/\/schema.org\",\"@graph\":[{\"@type\":\"WebSite\",\"@id\":\"https:\/\/mx-activites.com\/#website\",\"url\":\"https:\/\/mx-activites.com\/\",\"name\":\"MX Activit\u00e9s\",\"description\":\"\u00c9cole de pilotage\",\"potentialAction\":[{\"@type\":\"SearchAction\",\"target\":{\"@type\":\"EntryPoint\",\"urlTemplate\":\"https:\/\/mx-activites.com\/?s={search_term_string}\"},\"query-input\":\"required name=search_term_string\"}],\"inLanguage\":\"fr-FR\"},{\"@type\":\"ImageObject\",\"@id\":\"https:\/\/mx-activites.com\/index.php\/stages\/#primaryimage\",\"inLanguage\":\"fr-FR\",\"url\":\"https:\/\/mx-activites.com\/wp-content\/uploads\/2022\/05\/Sans_titre__1_-removebg-preview.png\",\"contentUrl\":\"https:\/\/mx-activites.com\/wp-content\/uploads\/2022\/05\/Sans_titre__1_-removebg-preview.png\",\"width\":500,\"height\":500,\"caption\":\"MX-Activites\"},{\"@type\":\"WebPage\",\"@id\":\"https:\/\/mx-activites.com\/index.php\/stages\/#webpage\",\"url\":\"https:\/\/mx-activites.com\/index.php\/stages\/\",\"name\":\"Stages - MX Activit\u00e9s\",\"isPartOf\":{\"@id\":\"https:\/\/mx-activites.com\/#website\"},\"primaryImageOfPage\":{\"@id\":\"https:\/\/mx-activites.com\/index.php\/stages\/#primaryimage\"},\"datePublished\":\"2022-04-07T14:00:14+00:00\",\"dateModified\":\"2024-09-30T14:14:23+00:00\",\"breadcrumb\":{\"@id\":\"https:\/\/mx-activites.com\/index.php\/stages\/#breadcrumb\"},\"inLanguage\":\"fr-FR\",\"potentialAction\":[{\"@type\":\"ReadAction\",\"target\":[\"https:\/\/mx-activites.com\/index.php\/stages\/\"]}]},{\"@type\":\"BreadcrumbList\",\"@id\":\"https:\/\/mx-activites.com\/index.php\/stages\/#breadcrumb\",\"itemListElement\":[{\"@type\":\"ListItem\",\"position\":1,\"name\":\"Accueil\",\"item\":\"https:\/\/mx-activites.com\/\"},{\"@type\":\"ListItem\",\"position\":2,\"name\":\"Stages\"}]}]}<\/script>\n<!-- \/ Yoast SEO plugin. -->","yoast_head_json":{"title":"Stages - MX Activit\u00e9s","robots":{"index":"index","follow":"follow","max-snippet":"max-snippet:-1","max-image-preview":"max-image-preview:large","max-video-preview":"max-video-preview:-1"},"canonical":"https:\/\/mx-activites.com\/index.php\/stages\/","og_locale":"fr_FR","og_type":"article","og_title":"Stages - MX Activit\u00e9s","og_description":"Accueil \u00c0 propos Activit\u00e9s Stages Groupes et C.E. Tarifs et horaires Contact MX ACTIVIT\u00c9S Stages Journ\u00e9e initiation Cette activit\u00e9 permet aux enfants de d\u00e9couvrir la pratique de la moto Ces s\u00e9jours sont d\u00e9di\u00e9s \u00e0 l&rsquo;apprentissage du pilotage d&rsquo;une moto de cross. Ils permettent d&rsquo;appr\u00e9hender la conduite d&rsquo;un engin motoris\u00e9 et favorisent l&rsquo;adaptation pour une conduite&hellip;&nbsp;Lire la suite &raquo;Stages","og_url":"https:\/\/mx-activites.com\/index.php\/stages\/","og_site_name":"MX Activit\u00e9s","article_modified_time":"2024-09-30T14:14:23+00:00","og_image":[{"url":"https:\/\/mx-activites.com\/wp-content\/uploads\/2022\/05\/Sans_titre__1_-removebg-preview.png"}],"twitter_card":"summary_large_image","schema":{"@context":"https:\/\/schema.org","@graph":[{"@type":"WebSite","@id":"https:\/\/mx-activites.com\/#website","url":"https:\/\/mx-activites.com\/","name":"MX Activit\u00e9s","description":"\u00c9cole de pilotage","potentialAction":[{"@type":"SearchAction","target":{"@type":"EntryPoint","urlTemplate":"https:\/\/mx-activites.com\/?s={search_term_string}"},"query-input":"required name=search_term_string"}],"inLanguage":"fr-FR"},{"@type":"ImageObject","@id":"https:\/\/mx-activites.com\/index.php\/stages\/#primaryimage","inLanguage":"fr-FR","url":"https:\/\/mx-activites.com\/wp-content\/uploads\/2022\/05\/Sans_titre__1_-removebg-preview.png","contentUrl":"https:\/\/mx-activites.com\/wp-content\/uploads\/2022\/05\/Sans_titre__1_-removebg-preview.png","width":500,"height":500,"caption":"MX-Activites"},{"@type":"WebPage","@id":"https:\/\/mx-activites.com\/index.php\/stages\/#webpage","url":"https:\/\/mx-activites.com\/index.php\/stages\/","name":"Stages - MX Activit\u00e9s","isPartOf":{"@id":"https:\/\/mx-activites.com\/#website"},"primaryImageOfPage":{"@id":"https:\/\/mx-activites.com\/index.php\/stages\/#primaryimage"},"datePublished":"2022-04-07T14:00:14+00:00","dateModified":"2024-09-30T14:14:23+00:00","breadcrumb":{"@id":"https:\/\/mx-activites.com\/index.php\/stages\/#breadcrumb"},"inLanguage":"fr-FR","potentialAction":[{"@type":"ReadAction","target":["https:\/\/mx-activites.com\/index.php\/stages\/"]}]},{"@type":"BreadcrumbList","@id":"https:\/\/mx-activites.com\/index.php\/stages\/#breadcrumb","itemListElement":[{"@type":"ListItem","position":1,"name":"Accueil","item":"https:\/\/mx-activites.com\/"},{"@type":"ListItem","position":2,"name":"Stages"}]}]}},"_links":{"self":[{"href":"https:\/\/mx-activites.com\/index.php\/wp-json\/wp\/v2\/pages\/2657","targetHints":{"allow":["GET"]}}],"collection":[{"href":"https:\/\/mx-activites.com\/index.php\/wp-json\/wp\/v2\/pages"}],"about":[{"href":"https:\/\/mx-activites.com\/index.php\/wp-json\/wp\/v2\/types\/page"}],"author":[{"embeddable":true,"href":"https:\/\/mx-activites.com\/index.php\/wp-json\/wp\/v2\/users\/1"}],"replies":[{"embeddable":true,"href":"https:\/\/mx-activites.com\/index.php\/wp-json\/wp\/v2\/comments?post=2657"}],"version-history":[{"count":30,"href":"https:\/\/mx-activites.com\/index.php\/wp-json\/wp\/v2\/pages\/2657\/revisions"}],"predecessor-version":[{"id":4414,"href":"https:\/\/mx-activites.com\/index.php\/wp-json\/wp\/v2\/pages\/2657\/revisions\/4414"}],"wp:attachment":[{"href":"https:\/\/mx-activites.com\/index.php\/wp-json\/wp\/v2\/media?parent=2657"}],"curies":[{"name":"wp","href":"https:\/\/api.w.org\/{rel}","templated":true}]}}